pose -m*q + 6 = -q. Calculate the remainder when 8 is divided by k(q).
3
Let q = 56 + -7. Calculate the remainder when q is divided by 13.
10
Suppose 2*r + 2 - 4 = 0. Suppose f = 5 - 2. What is the remainder when r/(-2) + 18/4 is divided by f?
1
Let t be (18/15)/((-2)/(-10)). Let y = 105 - 100. What is the remainder when ((-28)/6)/((-2)/t) is divided by y?
4
Let s be (-27)/9*13/(-3). Let z = 21 - s. Calculate the remainder when z is divided by 5.
3
Suppose -5*f + 7 = -3. Suppose -3*d = 4*p + 27, -4*p - 3 = f*d + 19. What is the remainder when 31 is divided by 16*1/(-3)*p?
15
Suppose t - 3 = -0. Suppose t*c - 10 = 29. Let z(i) = -i**2 + 7. What is the remainder when c is divided by z(0)?
6
Let q(n) = 8*n. Calculate the remainder when q(20) is divided by 41.
37
Let f(b) = b**3 - b**2 + 2. Let a be f(2). Suppose 10 = -2*i, -m + 4*i = 5*i - a. What is the remainder when (m*2 - -1)*1 is divided by 12?
11
Let o(x) = 11*x**2 - 3*x - 1. What is the remainder when o(-3) is divided by 36?
35
Suppose -5*s = j + 2*j - 100, -j = 4*s - 45. Calculate the remainder when 47 is divided by j.
22
Let g(s) = -4 + 6*s + 0*s - 1. What is the remainder when g(4) is divided by -2*(-1)/((-10)/(-35))?
5
Suppose 4*d + 0 = 44. Calculate the remainder when 21 is divided by d.
10
Suppose -2*o + 90 = -2*p, p = 3*o - 7*o + 185. Let f(d) = -d**2 - 6*d + 7. Calculate the remainder when o is divided by f(-5).
10
Let z(d) = -d**3 + 3*d**2 + 6*d - 1. Calculate the remainder when 33 is divided by z(-2).
5
Let i be (-1)/((-2)/510) - 0. Suppose 348 = 4*m - 2*r, -r = 3*m - i - 16. What is the remainder when m is divided by 30?
29
Suppose 4*r = -22 + 70. What is the remainder when 45 is divided by r?
9
Let u(r) = r**2 - 3*r. Let l be u(3). Let y(x) = -1 + l*x**2 + 0*x**2 + 2*x**2. What is the remainder when y(3) is divided by 6?
5
Suppose q = 3*h - 0*h - 63, -4*q + 68 = 4*h. Calculate the remainder when h is divided by 8.
4
Suppose -3*d - 16 = -82. Calculate the remainder when d is divided by 8.
6
Suppose -t + 2*a - 2 = 0, -5*a + 2 = t - 3*t. Let i = t + 10. Suppose -2 = -i*k - 0*s + s, 0 = k + s - 3. What is the remainder when k is divided by 1?
0
Suppose 3*y = -y + z - 151, -y - 3*z = 41. Let h = -15 - y. Let u = 49 - h. Calculate the remainder when u is divided by 14.
12
Let o = -22 + 24. Calculate the remainder when (2/2)/((-5)/(-30)) is divided by o.
0
Suppose 2*o = -1 + 3. Let y(p) be the third derivative of 11*p**6/120 + p**3/6 - 3*p**2. Calculate the remainder when 22 is divided by y(o).
10
Suppose -7 - 3 = -2*n. Suppose -v + n*v + 48 = 0. Let t = -5 - v. Calculate the remainder when 25 is divided by t.
4
Suppose 0*t - 77 = -3*c + 2*t, 0 = 2*c - 5*t - 55. Let n = 1 + c. What is the remainder when n is divided by 14?
12
Let o be (-1)/(26/14 + -2). Let h = 17 - o. What is the remainder when 24 is divided by 1*h + 12 + -9?
11
Let d = -7 + 7. Suppose -n + 4 + d = w, -5*w + 38 = -n. Calculate the remainder when (-41)/(-3) + 4/(-6) is divided by w.
6
Let q = 23 + -9. Calculate the remainder when 53 is divided by q.
11
Suppose 10*l - 78 = 4*l. What is the remainder when 76 is divided by l?
11
Suppose 2*x - 4 = -0. Suppose 2*m - z - 46 = 0, -51 = -m - x*m - 3*z. What is the remainder when m is divided by 6?
3
Suppose 0 = 2*y - 5*u - 31, -y + 3*u = y - 25. Let w = -19 - -21. Suppose -y = -2*m - 2*h, 2*m + w*m - 16 = 2*h. Calculate the remainder when 7 is divided by m.
3
Let m(z) = 6*z**3 - 3*z**2. Let k be m(2). Suppose -2*p + k = p. Calculate the remainder when 45 is divided by p.
9
Let x(b) = 2*b**2 + 13*b - 3. What is the remainder when x(6) is divided by 15?
12
Suppose -4 = 3*y - 58. Let h(d) = -d**3 + 10*d**2 + 2*d + 4. Let f be h(10). Suppose f + 26 = 5*a. Calculate the remainder when y is divided by a.
8
Suppose d + 4*x - 13 - 83 = 0, 4*x = -2*d + 176. Suppose -d = -w - 3*w. What is the remainder when w is divided by 11?
9
Let n = 31 + -21. Suppose k - 6*k + n = 0. Calculate the remainder when 1/k + (-33)/(-2) is divided by 9.
8
Let w = -17 - -47. Let u(k) be the first derivative of -k**4/4 - 8*k**3/3 - 9*k**2/2 + 2*k + 4. Calculate the remainder when w is divided by u(-7).
14
Let w be 4/10 - (-176)/10. What is the remainder when 34 is divided by (1 + (-2)/4)*w?
7
Suppose f - 25 - 95 = -2*c, -c = -5*f - 60. What is the remainder when c is divided by 21?
18
Suppose -4*a - 3*f = -0*a - 73, 2*f = -a + 22. What is the remainder when 269 is divided by a?
13
Let t be (1 - 3)*3/2. Suppose 5*x = -9 + 39. What is the remainder when 2*(t - -2)*-8 is divided by x?
4
Calculate the remainder when (-9 + -2)/(-3 - -2) is divided by 2.
1
Let s be ((-8)/24)/((-1)/3). Suppose -2*t = 2*d - 5*t - 22, 58 = 4*d + t. Calculate the remainder when (46 - 6) + (1 - s) is divided by d.
12
Suppose 3*z = 17 + 28. Suppose -1 = -i + 2*w - 0, 4*i = -2*w + 54. Suppose -4*d + i = -21. What is the remainder when z is divided by d?
7
Let q = 1 - 2. Let c(p) = -p + 2. Calculate the remainder when c(-6) is divided by 5 - (q/(-1) - -1).
2
Suppose -4*o + 2*n + 218 = 0, 2*o + 3*n = 55 + 58. What is the remainder when o is divided by 14?
13
Let q(m) = 2*m + 5. Calculate the remainder when 12 is divided by q(0).
2
Let q be (-2)/(-4)*0/(-5). Suppose 2*j + 8 - 34 = q. Calculate the remainder when j is divided by 5.
3
Let o(a) = 2*a**3 + 2*a**2 - 1. Let x be o(-1). What is the remainder when x*(-2 + (-21 - 0)) is divided by ((1 - 0) + -3)*-4?
7
Let y be (21/(-6))/((-1)/(-326)). Suppose 0 = -0*d + d - 17. Calculate the remainder when 2/5 + y/(-35) is divided by d.
16
Let o = 9 + -4. Suppose -o = -5*g, -16 = -4*s - 5*g + 201. What is the remainder when s is divided by 28?
25
Let x = 89 - 48. Calculate the remainder when x is divided by 11.
8
Let o(v) = -v**2 + 9*v + 5. Let z(h) = h**3 + 5*h**2 + 2*h. Let n be z(-4). Calculate the remainder when o(n) is divided by 7.
6
Let t(r) = 4*r - 3. Let l = -30 + 67. Calculate the remainder when l is divided by t(4).
11
Let k(b) be the first derivative of -3*b**2 - 3. Let w be k(-5). Let m = w + -10. What is the remainder when m is divided by 11?
9
Let d(u) = -7*u + 5. Let w be d(4). Let j = 28 + w. What is the remainder when 9 is divided by j?
4
Suppose 54 = 2*h - 4*g - 18, 5*g + 170 = 5*h. Suppose 0*k + k = h. What is the remainder when k is divided by 11?
10
Let s = 16 - -10. Calculate the remainder when 129 is divided by s.
25
Let p = -5 - -7. Suppose 4*r = 5*u + 18, p*u = -r - 2*r + 2. What is the remainder when 2 is divided by r?
0
Let b(s) = 11*s**3 - s**2 + 1. Let t(k) = 6*k + 7. What is the remainder when t(6) is divided by b(1)?
10
Let y = 6 - 2. Suppose -8 = -14*k + 13*k. Calculate the remainder when k is divided by y.
0
Let i = 15 + -15. Let d = 3 - 1. Suppose d*h = -i + 18. Calculate the remainder when 26 is divided by h.
8
Let x = 7 + -10. Let k(m) = -m**3 + 6*m**2 + 3. Calculate the remainder when k(6) is divided by (-3 - -6)/x*-3.
0
Suppose f = -2*c + 43, -2*c + f = c - 77. Suppose 0 = -5*h + 3*h + c. Calculate the remainder when 23 is divided by h.
11
Let h be 3/(-2)*(-10)/15. Let t(q) = 2*q**2 - 2*q**2 - q**2 + 33*q**3. Calculate the remainder when t(h) is divided by 11.
10
Suppose -3*y - 35 = -194. Let h = 48 - 34. What is the remainder when y is divided by h?
11
Suppose -v + 4*v = 12. Calculate the remainder when v is divided by 4.
0
Suppose -2*z + z + 6 = 3*b, -4*z + 52 = -2*b. Suppose 0 = 5*y - 20, 0*y + 237 = 5*x + 3*y. What is the remainder when x is divided by z?
9
Suppose -2*p = 2*h + 6, 2*h + 2 = 2*p - 4. Suppose p = 2*x - 70 - 20. What is the remainder when x is divided by 24?
21
Let x = 37 + -18. What is the remainder when x is divided by 11?
8
Suppose s + 98 = 3*s. Suppose 0*a = -2*v - 2*a + 40, 3*v + 2*a = 65. What is the remainder when s is divided by v?
24
Let b be ((-6)/15)/(2/10). Let m(k) = 2*k - 8. Calculate the remainder when (3/b)/((-6)/28) is divided by m(6).
3
Let j = -42 + 48. Calculate the remainder when 11 is divided by j.
5
Suppose d = -r + 54, 2*d + 206 = 6*d - r. Suppose -10 = -5*q, 5*o = -3*q + 54 + d. Calculate the remainder when 78 is divided by o.
18
Suppose 0*k - 3*k + 56 = -j, -5*k - 5*j = -80. Calculate the remainder when k is divided by 7.
4
Let q(v) = v**2 + 3*v - 2. Let b be q(-4). Suppose -2*m = b*i - 82, m + 214 = 6*m + 2*i. C